is the highest common divisor of 15 and n?
15
Suppose 16*g - 19*g + 27 = 0. Let f be 26*(1 - g/6). Let q(n) = -13*n - 17. Let c be q(f). Calculate the greatest common factor of 19 and c.
19
Suppose 15 = 3*n + 6, -n - 23 = -2*s. What is the greatest common divisor of 13 and s?
13
Let y = 775 + -463. What is the highest common divisor of 16 and y?
8
Let v = 20 - 13. Let a = -155 - -274. What is the highest common divisor of a and v?
7
Let v(a) = -10*a - 1. Let d be v(2). Let y = d + 23. Suppose 0 = -y*n - 5*x + 37, -3*x = 2*n - 6*x - 29. What is the highest common divisor of n and 24?
8
Let m = 170 - 110. Let w(i) = -1 + 171*i**2 - 5 + 7*i - 172*i**2. Let t be w(4). What is the highest common divisor of m and t?
6
Suppose b = -b + 154. What is the highest common divisor of 21 and b?
7
Let u = 560 + -542. What is the greatest common divisor of 63 and u?
9
Suppose 2*d - 9 = -2*h + 19, 0 = d + 4*h - 29. Suppose d*n = 6*n + 30. What is the greatest common factor of n and 50?
10
Suppose -4*x + 2880 = 8*x. What is the highest common factor of 48 and x?
48
Suppose -3*h - 5*s = -53, 10*s - 49 = -3*h + 9*s. Calculate the greatest common divisor of h and 24.
8
Suppose 0 = 127*s - 131*s + 152. Let o(v) = -6*v**3 + 3*v - 1. Let w be o(-3). What is the highest common divisor of w and s?
38
Let m = 16 + -19. Let g be (10/15)/(2/m). Let n = g + 15. Calculate the highest common factor of 21 and n.
7
Suppose 6*g - 6 - 27 = -c, 2*g - 109 = -5*c. Suppose -t + 5*z = -28 - 6, 0 = 2*t - 5*z - 48. What is the highest common factor of c and t?
7
Let t be (-9 + 7)/((-1)/12). Calculate the greatest common factor of t and 3.
3
Suppose -3*y + 3 = -3. Suppose -31 = -y*h + 9. Let w be ((-2)/2)/(15/(-300)). What is the greatest common divisor of h and w?
20
Let h be (2 - 10)*(-2 + 1). Let b be (-1)/2*-6 + (12 - h). Calculate the highest common divisor of b and 63.
7
Let c(t) = 10*t**3 + 2*t**2 - 1. Suppose -y = 2*y - 3. Let o be c(y). What is the highest common divisor of o and 121?
11
Suppose 8*u = -37 + 53. Calculate the highest common factor of 12 and u.
2
Suppose -2*v - 137 = -5*g, 4*v + 142 = 4*g + 30. What is the highest common divisor of g and 63?
9
Suppose 2*i = -v + 201 + 32, 4*v = 2*i - 228. Calculate the greatest common factor of 29 and i.
29
Suppose -14 - 2 = -8*r. Suppose -4*o = l - 9*o + 13, -r*l + 5*o - 1 = 0. Let t = -2 - -14. What is the greatest common factor of t and l?
12
Suppose -k = 3*b + b + 5, -2*b - 3*k = 15. Let x be b - 18*(-8)/12. What is the greatest common divisor of 108 and x?
12
Let p = 217 - 153. Let b(d) = d + 11. Let r be b(-7). Suppose -15 = -r*m + 17. Calculate the greatest common factor of m and p.
8
Suppose 4*q - 56 = -44. Suppose -q*c + i + 18 = c, -4 = 2*i. What is the highest common divisor of c and 2?
2
Suppose 4*v - 71 = t, 19*v - 2*t + 56 = 22*v. Calculate the highest common factor of 24 and v.
6
Let a(x) = x**2 - 15*x - 9. Let n be a(12). Let k = 85 + n. Suppose 0 = -3*z - 3*h + 15, z - 10 = -z - 4*h. What is the highest common divisor of k and z?
5
Let n be ((-15)/(-2) - 5) + 162/12. Calculate the highest common factor of n and 38.
2
Suppose 5 = 3*j - 4. Suppose -2*v + 104 = -5*m, v + j*v - m = 172. Calculate the greatest common divisor of v and 14.
14
Suppose 4*u + 134 + 18 = r, 0 = 4*u + 5*r + 176. Let s be (-84)/u + (-4)/26. Suppose s*g + 3*g - 120 = 0. What is the highest common divisor of 264 and g?
24
Suppose 0*f - 4 = -f, -2*f = -4*r - 72. Let q = r + 22. Suppose g = -g + q. What is the greatest common factor of g and 2?
1
Let a be 1 + 1/(2/16). Suppose 3*u - h - 436 = 0, -5*u + 2*h = -129 - 599. What is the greatest common factor of a and u?
9
Let v be ((-12)/10)/(1/(-5)). Let x be (21/3)/(2*(-1)/(-6)). Suppose -2*c - 3 + x = 0. Calculate the greatest common divisor of v and c.
3
Suppose 787 = 10*l - 213. Calculate the highest common factor of 70 and l.
10
Suppose 0 = -4*f - 19 + 159. Let s(a) = -2*a**2 - 67*a - 89. Let w be s(-32). What is the highest common factor of f and w?
7
Let z be 5/2*3/(75/40). Let c be 125*(z + 60/(-25)). Calculate the highest common divisor of 8 and c.
8
Let x = 200 + -18. Suppose -9*u + 992 = x. What is the highest common factor of u and 10?
10
Let i = -502 - -522. Let l(u) = 10*u**2 + u - 1. Let g be l(1). Calculate the highest common divisor of i and g.
10
Let a be (-4 + 115/20)*12. Calculate the highest common divisor of a and 21.
21
Suppose 5*m = -799 - 4961. Let o be (-1)/(2308/m + 2). Calculate the highest common factor of o and 32.
32
Let h be 8/(-1*(-3)/33). Let i be (34 + -10)*3/(18/4). What is the highest common divisor of h and i?
8
Let c(t) = t**2 - t + 351. Let k be c(0). Suppose 4*o = -59 + k. Suppose 3*q = 2*q + 2*l + 22, 3*q + l = o. Calculate the greatest common divisor of 16 and q.
8
Suppose -6*l - 20 = 16. Let f be l/3*(-5)/2. Suppose -38 = -0*d - d + 3*x, 2*d - f*x - 78 = 0. What is the greatest common divisor of 110 and d?
22
Let m = -92 + 284. What is the greatest common factor of 8 and m?
8
Suppose -7*p + 490 = -2*p. Let y = -30 - -44. What is the greatest common divisor of y and p?
14
Let i = 419 - 399. What is the greatest common factor of 30 and i?
10
Suppose 17*r + 276 = 21*r - 5*u, 3*r - 172 = -5*u. What is the highest common factor of r and 16?
16
Let l(m) be the third derivative of 11*m**4/4 - 11*m**3/6 + 51*m**2. Let v be l(3). Calculate the highest common divisor of 17 and v.
17
Suppose 4*h - 74 = -x, -3*h = x + 3*x - 62. Let j(y) = 37*y + 995. Let m be j(-23). Calculate the highest common factor of m and h.
18
Suppose -10*v + 10 + 290 = 0. Let l = v + -19. What is the greatest common factor of 55 and l?
11
Suppose -2*v - 4*l = l - 15, -9 = -v - 2*l. What is the highest common factor of v and 25?
5
Suppose -k - 2*g = 2*g - 34, 0 = -3*k - 3*g + 66. Suppose -k*o + 225 = -3*o. Calculate the greatest common factor of o and 45.
15
Let i = -986 + 1576. Calculate the greatest common factor of 59 and i.
59
Let t be (-3)/2*120/(-36). Suppose 2*z - 4*o - 348 = 0, 0 = -t*z + 5*o - 54 + 929. What is the greatest common factor of 16 and z?
16
Let m = 58 - 118. Let y = 102 + m. What is the highest common factor of y and 6?
6
Let z be ((-2)/1)/(2/4). Let c = 51 - z. Let s = 28 - 6. What is the greatest common factor of s and c?
11
Suppose -5*o + 20 = -25. Let v be 520/72 + (-2)/o. What is the highest common divisor of v and 7?
7
Suppose 25 = 2*t + 5*u, -6*t + 5*u + 55 = -4*t. Suppose d - t = 36. Suppose 22 - 92 = -5*c. Calculate the greatest common factor of c and d.
14
Suppose -2*o - 4*l + 28 = -0*l, 3*l = -5*o + 49. Suppose 0 = 3*k - o - 1. Let p = 30 - 18. Calculate the greatest common divisor of p and k.
3
Let l(i) = i**2 - 4*i + 3. Let j be l(4). Let s(m) = -m + 0 - j + 2 - m. Let r be s(-6). Calculate the greatest common factor of 121 and r.
11
Suppose -2*g + 1252 = 5*k, 6*k - g - 256 = 5*k. Calculate the greatest common factor of 144 and k.
36
Suppose 0 = -34*n + 36*n + 6. Let k be ((-28)/(-4))/(n/3). Let j = k - -23. Calculate the greatest common factor of 48 and j.
16
Suppose -2*l - 2*l - 60 = 0. Let z = -10 - l. Let u = z - -4. What is the highest common factor of u and 27?
9
Suppose 10*q - 9*q = 8. Suppose 12*a - q*a - 40 = 0. What is the highest common divisor of 30 and a?
10
Let k be (-3)/(27/(-709)) - (-2)/9. Let r = -76 + k. What is the highest common divisor of r and 2?
1
Let o be (1 - -44)*96/40. Let g be 25 + 10/(-5) + 4. Calculate the highest common divisor of o and g.
27
Suppose 7*i = 4*m + 2*i - 2, -m - 4*i = -11. Suppose 0 = m*r - 1 - 131. What is the greatest common factor of 110 and r?
22
Let q(u) = 26*u - 4. Let m be q(3). Let r = m - 73. What is the highest common factor of r and 3?
1
Suppose 12*y - 8*y + 5*z - 4935 = 0, 2*y - 2445 = 5*z. Calculate the greatest common factor of 60 and y.
30
Let p(n) = 5 + 45*n - 1 + 1 - 33*n. Let v be p(5). Calculate the highest common factor of v and 13.
13
Suppose 15*c + 41 = h + 19*c, h = -3*c + 36. Let r = 38 - 59. Let d = 35 + r. Calculate the greatest common divisor of h and d.
7
Let g = 31 - 21. Let r = -41 - -31. Let o = r + 20. Calculate the greatest common factor of g and o.
10
Let y be 960/45*3/2. Let o = 52 - y. What is the greatest common divisor of 4 and o?
4
Let u = -953 - -972. Calculate the great